isor of 3438 and 97028.
382
Calculate the greatest common factor of 296 and 1364.
4
Calculate the highest common divisor of 10 and 33800.
10
What is the highest common divisor of 1484 and 406?
14
Calculate the highest common divisor of 23026 and 17071.
397
Calculate the greatest common factor of 13120 and 570.
10
Calculate the highest common factor of 157350 and 11850.
150
What is the greatest common divisor of 47640 and 90?
30
What is the greatest common divisor of 215 and 1540?
5
What is the highest common divisor of 739960 and 1040?
520
Calculate the highest common factor of 140130 and 180.
90
Calculate the greatest common factor of 1375149 and 1249.
1249
Calculate the greatest common divisor of 5548 and 95.
19
What is the highest common factor of 621817 and 1055?
211
What is the greatest common divisor of 7887 and 33?
33
Calculate the greatest common factor of 755 and 85.
5
What is the highest common factor of 14688 and 399789?
459
What is the highest common divisor of 187 and 15059?
11
Calculate the greatest common factor of 414358 and 2142.
238
Calculate the highest common factor of 614448 and 152.
8
Calculate the greatest common divisor of 62122 and 4094.
178
What is the highest common divisor of 10 and 20270?
10
What is the greatest common factor of 27 and 248?
1
What is the greatest common divisor of 928 and 7193856?
928
What is the highest common factor of 8064 and 828?
36
Calculate the highest common divisor of 51882 and 6.
6
What is the highest common factor of 1100 and 56760?
220
Calculate the greatest common factor of 47068 and 12956.
164
What is the greatest common factor of 249 and 2030097?
249
Calculate the highest common factor of 1264 and 31936.
16
What is the highest common factor of 49 and 368039?
49
Calculate the highest common factor of 805 and 31602.
23
What is the greatest common factor of 976 and 2684?
244
What is the greatest common divisor of 184 and 93104?
184
What is the highest common factor of 40885 and 340?
85
What is the highest common factor of 843 and 118301?
281
What is the highest common factor of 109614 and 18?
6
What is the highest common factor of 209 and 47267?
11
What is the greatest common factor of 12 and 12831?
3
What is the highest common divisor of 1655793 and 1311?
1311
What is the greatest common divisor of 539415 and 30?
15
Calculate the greatest common factor of 190 and 10735.
95
What is the highest common divisor of 9831 and 1243?
113
What is the greatest common factor of 6643 and 24017?
511
What is the highest common divisor of 3125496 and 24?
24
Calculate the highest common divisor of 205100 and 1400.
700
What is the greatest common divisor of 978620 and 1336?
668
What is the highest common factor of 2750 and 6250?
250
Calculate the greatest common factor of 3335 and 19090.
115
What is the highest common factor of 671 and 2135?
61
What is the greatest common factor of 32 and 5897920?
32
Calculate the highest common divisor of 240 and 94368.
48
Calculate the highest common divisor of 203 and 273934.
29
What is the greatest common factor of 3450389 and 157?
157
Calculate the highest common factor of 2263742 and 83.
83
Calculate the highest common factor of 1032 and 31089.
129
Calculate the greatest common divisor of 190 and 484405.
95
What is the greatest common divisor of 5727 and 1173?
69
What is the highest common divisor of 3564 and 2607?
33
What is the greatest common factor of 1314 and 1350?
18
What is the highest common divisor of 1079 and 3588?
13
Calculate the highest common divisor of 545589 and 594.
297
What is the greatest common factor of 20 and 914?
2
Calculate the highest common factor of 122985 and 135.
135
What is the highest common factor of 1086 and 9050?
362
Calculate the highest common factor of 11064 and 56.
8
What is the highest common factor of 252 and 6272?
28
Calculate the greatest common factor of 1053 and 1703.
13
Calculate the highest common divisor of 47081 and 2645.
529
What is the greatest common divisor of 5456 and 140368?
496
What is the highest common factor of 59303 and 31?
31
Calculate the highest common divisor of 100812 and 341.
31
What is the highest common divisor of 216510 and 1050?
210
What is the greatest common factor of 11082 and 156?
6
What is the greatest common divisor of 79067 and 51?
17
Calculate the highest common factor of 126 and 15804.
18
What is the greatest common divisor of 1193 and 4?
1
What is the highest common factor of 3610 and 15238?
38
Calculate the greatest common factor of 85 and 193783.
17
What is the greatest common factor of 7686 and 448?
14
What is the highest common factor of 360 and 452412?
36
Calculate the highest common factor of 42 and 327516.
42
What is the greatest common factor of 500202 and 216?
54
Calculate the highest common factor of 9563 and 1898.
73
Calculate the highest common factor of 198 and 83862.
18
Calculate the greatest common divisor of 1340 and 218755.
335
What is the highest common divisor of 105763 and 406?
203
What is the highest common factor of 14140 and 1484?
28
Calculate the highest common factor of 17267 and 31.
31
Calculate the highest common factor of 208200 and 4.
4
Calculate the highest common factor of 236268 and 144.
36
What is the highest common divisor of 24906 and 51?
3
Calculate the greatest common divisor of 3420 and 5852.
76
What is the highest common factor of 485 and 205834?
97
Calculate the highest common divisor of 2354 and 44.
22
What is the highest common factor of 36689 and 19?
19
What is the greatest common factor of 5096 and 33712?
392
What is the highest common factor of 18195 and 345?
15
Calculate the highest common divisor of 7748 and 572.
52
What is the highest common factor of 1323 and 7448?
49
What is the highest common divisor of 171484 and 6364?
172
Calculate the greatest common divisor of 4264 and 4888.
104
What is the highest common factor of 342005 and 4015?
365
What is the highest common factor of 10953 and 225?
9
What is the greatest common factor of 12 and 64528?
4
Calculate the greatest common divisor of 13625 and 500.
125
Calculate the highest common divisor of 23829 and 1014.
507
What is the greatest common factor of 87094 and 112?
14
What is the greatest common factor of 75915 and 315?
315
What is the greatest common factor of 53 and 14999?
53
What is the highest common factor of 51 and 18411?
51
Calculate the greatest common factor of 31376 and 4958.
74
Calculate the highest common divisor of 1232 and 34342.
154
What is the highest common divisor of 894348 and 2912?
364
What is the greatest common factor of 367 and 37067?
367
Calculate the highest common factor of 10996101 and 27.
27
Calculate the greatest common factor of 30 and 59445.
15
What is the highest common factor of 165 and 6127935?
165
What is the greatest common divisor of 11286 and 77?
11
Calculate the greatest common factor of 365310 and 820.
410
Calculate the highest common divisor of 8 and 20308.
4
What is the highest common factor of 272 and 23477?
17
Calculate the highest common factor of 24489 and 6.
3
Calculate the greatest common divisor of 2030 and 721665.
1015
What is the highest common factor of 64296 and 312?
24
What is the greatest common factor of 225 and 693825?
75
What is the highest common divisor of 9360 and 6032?
208
Calculate the highest common factor of 6272 and 7350.
98
What is the highest common factor of 808137 and 11?
11
What is the highest common factor of 106884 and 120?
12
Calculate the greatest common divisor of 32158 and 602.
14
Calculate the highest common divisor of 1539 and 19893.
57
What is the greatest common divisor of 26670 and 288798?
762
What is the greatest common divisor of 100 and 70220?
20
What is the greatest common divisor of 29486 and 380113?
641
Calculate the greatest common divisor of 119 and 3521.
7
What is the greatest common divisor of 3614 and 650?
26
Calculate the greatest common divisor of 1751 and 73933.
17
What is the greatest common factor of 26537 and 16660?
119
Calculate the greatest common divisor of 11748 and 8712.
132
Calculate the greatest common factor of 36 and 578346.
6
What is the highest common factor of 473 and 23091?
43
Calculate the greatest common divisor of 2 and 841992.
2
Calculate the highest common divisor of